{"id":64,"date":"2024-06-20T11:51:39","date_gmt":"2024-06-20T11:51:39","guid":{"rendered":"https:\/\/frankfurter-arbeitsmarkt-forum.de\/?page_id=64"},"modified":"2025-09-22T16:15:15","modified_gmt":"2025-09-22T14:15:15","slug":"ueber-uns","status":"publish","type":"page","link":"https:\/\/frankfurter-arbeitsmarkt-forum.de\/index.php\/ueber-uns\/","title":{"rendered":"\u00dcber uns"},"content":{"rendered":"<p>[et_pb_section fb_built=&#8220;1&#8243; specialty=&#8220;on&#8220; _builder_version=&#8220;4.27.4&#8243; _module_preset=&#8220;default&#8220; global_colors_info=&#8220;{}&#8220;][et_pb_column type=&#8220;3_4&#8243; specialty_columns=&#8220;3&#8243; _builder_version=&#8220;4.16&#8243; custom_padding=&#8220;|||&#8220; global_colors_info=&#8220;{}&#8220; custom_padding__hover=&#8220;|||&#8220;][et_pb_row_inner _builder_version=&#8220;4.27.4&#8243; _module_preset=&#8220;default&#8220; global_colors_info=&#8220;{}&#8220;][et_pb_column_inner saved_specialty_column_type=&#8220;3_4&#8243; _builder_version=&#8220;4.27.4&#8243; _module_preset=&#8220;default&#8220; global_colors_info=&#8220;{}&#8220;][et_pb_text _builder_version=&#8220;4.27.4&#8243; _module_preset=&#8220;default&#8220; text_font_size=&#8220;17px&#8220; header_3_font=&#8220;|700||on|||||&#8220; header_3_text_color=&#8220;gcid-cfc23831-754c-440f-9259-20576be69775&#8243; hover_enabled=&#8220;0&#8243; global_colors_info=&#8220;{%22gcid-cfc23831-754c-440f-9259-20576be69775%22:%91%22header_3_text_color%22%93}&#8220; sticky_enabled=&#8220;0&#8243;]<\/p>\n<h1><strong>\u00dcber uns<\/strong><\/h1>\n<p><span data-contrast=\"auto\">Die FRAP Agentur gGmbH ist<\/span> eine der Nachfolgeorganisationen der Werkstatt Frankfurt e.V., die 1984 im Auftrag der Stadt Frankfurt gegr\u00fcndet wurde. Die FRAP Agentur \u2013 gemeinn\u00fctzige Gesellschaft f\u00fcr das Frankfurter Arbeitsmarktprogramm mbH \u2013 ist ein 2015 gegr\u00fcndetes stadtnahes Unternehmen und organisiert im Auftrag des Magistrats der Stadt Frankfurt am Main das Frankfurter Arbeitsmarktprogramm f\u00fcr die \u00fcber 25-J\u00e4hrigen.<\/p>\n<p><span data-contrast=\"auto\">Aufgabe der FRAP Agentur gGmbH ist die Koordination und Weiterentwicklung der kommunalen Arbeitsmarktf\u00f6rderung f\u00fcr die \u00fcber 25j\u00e4hrigen:<\/span><span data-ccp-props=\"{&quot;201341983&quot;:0,&quot;335559739&quot;:160,&quot;335559740&quot;:259}\">\u00a0<\/span><\/p>\n<ul>\n<li><span data-contrast=\"auto\">die Vergabe von F\u00f6rdermitteln an die Partner:innen im Arbeitsmarktprogramm,\u00a0 zahlreiche gemeinn\u00fctzige Organisationen der Arbeitsmarktf\u00f6rderung in Frankfurt.<\/span><span data-ccp-props=\"{&quot;201341983&quot;:0,&quot;335559739&quot;:160,&quot;335559740&quot;:259}\">\u00a0<\/span><\/li>\n<li><span data-contrast=\"auto\">Der Betrieb des Lern- und Beratungszentrums zur individuellen Beratung zu Arbeit, Beruf und Weiterbildung\u00a0 f\u00fcr Frankfurterinnen und Frankfurter \u00fcber 18 Jahre.<\/span><span data-ccp-props=\"{&quot;201341983&quot;:0,&quot;335559739&quot;:160,&quot;335559740&quot;:259}\">\u00a0<\/span><\/li>\n<li><span data-contrast=\"auto\"><span class=\"ui-provider a b c d e f g h i j k l m n o p q r s t u v w x y z ab ac ae af ag ah ai aj ak\" dir=\"ltr\">Der Betrieb der Fachstelle f\u00fcr berufsintegriertes Sprachlernen (FaberiS), um Unternehmen und Institutionen mit mehrsprachigem Personal bei der Arbeitsgestaltung zu unterst\u00fctzen<\/span><\/span><span data-contrast=\"auto\">.<\/span><span data-ccp-props=\"{&quot;201341983&quot;:0,&quot;335559739&quot;:160,&quot;335559740&quot;:259}\"><br \/><\/span><\/li>\n<\/ul>\n<p><span data-contrast=\"auto\">Diese Webseite soll einen Beitrag dazu leisten, die gef\u00f6rderten Angebote im FRAP \u00dc25 f\u00fcr die relevanten Multiplikator:innen sichtbar und noch besser nutzbar zu machen.\u00a0<\/span><\/p>\n<p>&nbsp;<\/p>\n<p>[\/et_pb_text][\/et_pb_column_inner][\/et_pb_row_inner][et_pb_row_inner column_structure=&#8220;1_2,1_2&#8243; _builder_version=&#8220;4.27.4&#8243; _module_preset=&#8220;default&#8220; global_colors_info=&#8220;{}&#8220;][et_pb_column_inner type=&#8220;1_2&#8243; saved_specialty_column_type=&#8220;3_4&#8243; _builder_version=&#8220;4.27.4&#8243; _module_preset=&#8220;default&#8220; global_colors_info=&#8220;{}&#8220;][et_pb_team_member name=&#8220;Elke Voitl&#8220; position=&#8220;Dezernentin f\u00fcr Soziales und Gesundheit&#8220; image_url=&#8220;https:\/\/frankfurter-arbeitsmarkt-forum.de\/wp-content\/uploads\/2024\/06\/Elke-Voitl-vor-neutralem-Hintergrund_kleine-scaled.jpg&#8220; _builder_version=&#8220;4.25.2&#8243; _module_preset=&#8220;default&#8220; global_colors_info=&#8220;{}&#8220;][\/et_pb_team_member][\/et_pb_column_inner][et_pb_column_inner type=&#8220;1_2&#8243; saved_specialty_column_type=&#8220;3_4&#8243; _builder_version=&#8220;4.27.4&#8243; _module_preset=&#8220;default&#8220; global_colors_info=&#8220;{}&#8220;][et_pb_team_member name=&#8220;Anita Heise&#8220; position=&#8220;Gesch\u00e4ftsf\u00fchrerin FRAP Agentur gGmbH&#8220; image_url=&#8220;https:\/\/frankfurter-arbeitsmarkt-forum.de\/wp-content\/uploads\/2025\/08\/dsc07539-anita-heise-retuschiert-web-scaled-1.jpg&#8220; _builder_version=&#8220;4.27.4&#8243; _module_preset=&#8220;default&#8220; width=&#8220;70%&#8220; global_colors_info=&#8220;{}&#8220;][\/et_pb_team_member][\/et_pb_column_inner][\/et_pb_row_inner][\/et_pb_column][et_pb_column type=&#8220;1_4&#8243; _builder_version=&#8220;4.16&#8243; custom_padding=&#8220;|||&#8220; global_colors_info=&#8220;{}&#8220; custom_padding__hover=&#8220;|||&#8220;][\/et_pb_column][\/et_pb_section]<\/p>\n","protected":false},"excerpt":{"rendered":"<p>\u00dcber uns Die FRAP Agentur gGmbH ist eine der Nachfolgeorganisationen der Werkstatt Frankfurt e.V., die 1984 im Auftrag der Stadt Frankfurt gegr\u00fcndet wurde. Die FRAP Agentur \u2013 gemeinn\u00fctzige Gesellschaft f\u00fcr das Frankfurter Arbeitsmarktprogramm mbH \u2013 ist ein 2015 gegr\u00fcndetes stadtnahes Unternehmen und organisiert im Auftrag des Magistrats der Stadt Frankfurt am Main das Frankfurter Arbeitsmarktprogramm [&hellip;]<\/p>\n","protected":false},"author":2,"featured_media":0,"parent":0,"menu_order":0,"comment_status":"closed","ping_status":"closed","template":"","meta":{"_et_pb_use_builder":"on","_et_pb_old_content":"","_et_gb_content_width":"","footnotes":""},"dipi_cpt_category":[],"class_list":["post-64","page","type-page","status-publish","hentry"],"_links":{"self":[{"href":"https:\/\/frankfurter-arbeitsmarkt-forum.de\/index.php\/wp-json\/wp\/v2\/pages\/64","targetHints":{"allow":["GET"]}}],"collection":[{"href":"https:\/\/frankfurter-arbeitsmarkt-forum.de\/index.php\/wp-json\/wp\/v2\/pages"}],"about":[{"href":"https:\/\/frankfurter-arbeitsmarkt-forum.de\/index.php\/wp-json\/wp\/v2\/types\/page"}],"author":[{"embeddable":true,"href":"https:\/\/frankfurter-arbeitsmarkt-forum.de\/index.php\/wp-json\/wp\/v2\/users\/2"}],"replies":[{"embeddable":true,"href":"https:\/\/frankfurter-arbeitsmarkt-forum.de\/index.php\/wp-json\/wp\/v2\/comments?post=64"}],"version-history":[{"count":0,"href":"https:\/\/frankfurter-arbeitsmarkt-forum.de\/index.php\/wp-json\/wp\/v2\/pages\/64\/revisions"}],"wp:attachment":[{"href":"https:\/\/frankfurter-arbeitsmarkt-forum.de\/index.php\/wp-json\/wp\/v2\/media?parent=64"}],"wp:term":[{"taxonomy":"dipi_cpt_category","embeddable":true,"href":"https:\/\/frankfurter-arbeitsmarkt-forum.de\/index.php\/wp-json\/wp\/v2\/dipi_cpt_category?post=64"}],"curies":[{"name":"wp","href":"https:\/\/api.w.org\/{rel}","templated":true}]}}

Über uns

<p>[et_pb_section fb_built=&#8220;1&#8243; specialty=&#8220;on&#8220; _builder_version=&#8220;4.27.4&#8243; _module_preset=&#8220;default&#8220; global_colors_info=&#8220;{}&#8220;][et_pb_column type=&#8220;3_4&#8243; specialty_columns=&#8220;3&#8243; _builder_version=&#8220;4.16&#8243; custom_padding=&#8220;|||&#8220; global_colors_info=&#8220;{}&#8220; custom_padding__hover=&#8220;|||&#8220;][et_pb_row_inner _builder_version=&#8220;4.27.4&#8243; _module_preset=&#8220;default&#8220; global_colors_info=&#8220;{}&#8220;][et_pb_column_inner saved_specialty_column_type=&#8220;3_4&#8243; _builder_version=&#8220;4.27.4&#8243; _module_preset=&#8220;default&#8220; global_colors_info=&#8220;{}&#8220;][et_pb_text _builder_version=&#8220;4.27.4&#8243; _module_preset=&#8220;default&#8220; text_font_size=&#8220;17px&#8220; header_3_font=&#8220;|700||on|||||&#8220; header_3_text_color=&#8220;gcid-cfc23831-754c-440f-9259-20576be69775&#8243; hover_enabled=&#8220;0&#8243; global_colors_info=&#8220;{%22gcid-cfc23831-754c-440f-9259-20576be69775%22:%91%22header_3_text_color%22%93}&#8220; sticky_enabled=&#8220;0&#8243;]</p>
<h1><strong>Über uns</strong></h1>
<p><span data-contrast="auto">Die FRAP Agentur gGmbH ist</span> eine der Nachfolgeorganisationen der Werkstatt Frankfurt e.V., die 1984 im Auftrag der Stadt Frankfurt gegründet wurde. Die FRAP Agentur – gemeinnützige Gesellschaft für das Frankfurter Arbeitsmarktprogramm mbH – ist ein 2015 gegründetes stadtnahes Unternehmen und organisiert im Auftrag des Magistrats der Stadt Frankfurt am Main das Frankfurter Arbeitsmarktprogramm für die über 25-Jährigen.</p>
<p><span data-contrast="auto">Aufgabe der FRAP Agentur gGmbH ist die Koordination und Weiterentwicklung der kommunalen Arbeitsmarktförderung für die über 25jährigen:</span><span data-ccp-props="{&quot;201341983&quot;:0,&quot;335559739&quot;:160,&quot;335559740&quot;:259}"> </span></p>
<ul>
<li><span data-contrast="auto">die Vergabe von Fördermitteln an die Partner:innen im Arbeitsmarktprogramm,  zahlreiche gemeinnützige Organisationen der Arbeitsmarktförderung in Frankfurt.</span><span data-ccp-props="{&quot;201341983&quot;:0,&quot;335559739&quot;:160,&quot;335559740&quot;:259}"> </span></li>
<li><span data-contrast="auto">Der Betrieb des Lern- und Beratungszentrums zur individuellen Beratung zu Arbeit, Beruf und Weiterbildung  für Frankfurterinnen und Frankfurter über 18 Jahre.</span><span data-ccp-props="{&quot;201341983&quot;:0,&quot;335559739&quot;:160,&quot;335559740&quot;:259}"> </span></li>
<li><span data-contrast="auto"><span class="ui-provider a b c d e f g h i j k l m n o p q r s t u v w x y z ab ac ae af ag ah ai aj ak" dir="ltr">Der Betrieb der Fachstelle für berufsintegriertes Sprachlernen (FaberiS), um Unternehmen und Institutionen mit mehrsprachigem Personal bei der Arbeitsgestaltung zu unterstützen</span></span><span data-contrast="auto">.</span><span data-ccp-props="{&quot;201341983&quot;:0,&quot;335559739&quot;:160,&quot;335559740&quot;:259}"><br /></span></li>
</ul>
<p><span data-contrast="auto">Diese Webseite soll einen Beitrag dazu leisten, die geförderten Angebote im FRAP Ü25 für die relevanten Multiplikator:innen sichtbar und noch besser nutzbar zu machen. </span></p>
<p>&nbsp;</p>
<p>[/et_pb_text][/et_pb_column_inner][/et_pb_row_inner][et_pb_row_inner column_structure=&#8220;1_2,1_2&#8243; _builder_version=&#8220;4.27.4&#8243; _module_preset=&#8220;default&#8220; global_colors_info=&#8220;{}&#8220;][et_pb_column_inner type=&#8220;1_2&#8243; saved_specialty_column_type=&#8220;3_4&#8243; _builder_version=&#8220;4.27.4&#8243; _module_preset=&#8220;default&#8220; global_colors_info=&#8220;{}&#8220;][et_pb_team_member name=&#8220;Elke Voitl&#8220; position=&#8220;Dezernentin für Soziales und Gesundheit&#8220; image_url=&#8220;https://frankfurter-arbeitsmarkt-forum.de/wp-content/uploads/2024/06/Elke-Voitl-vor-neutralem-Hintergrund_kleine-scaled.jpg&#8220; _builder_version=&#8220;4.25.2&#8243; _module_preset=&#8220;default&#8220; global_colors_info=&#8220;{}&#8220;][/et_pb_team_member][/et_pb_column_inner][et_pb_column_inner type=&#8220;1_2&#8243; saved_specialty_column_type=&#8220;3_4&#8243; _builder_version=&#8220;4.27.4&#8243; _module_preset=&#8220;default&#8220; global_colors_info=&#8220;{}&#8220;][et_pb_team_member name=&#8220;Anita Heise&#8220; position=&#8220;Geschäftsführerin FRAP Agentur gGmbH&#8220; image_url=&#8220;https://frankfurter-arbeitsmarkt-forum.de/wp-content/uploads/2025/08/dsc07539-anita-heise-retuschiert-web-scaled-1.jpg&#8220; _builder_version=&#8220;4.27.4&#8243; _module_preset=&#8220;default&#8220; width=&#8220;70%&#8220; global_colors_info=&#8220;{}&#8220;][/et_pb_team_member][/et_pb_column_inner][/et_pb_row_inner][/et_pb_column][et_pb_column type=&#8220;1_4&#8243; _builder_version=&#8220;4.16&#8243; custom_padding=&#8220;|||&#8220; global_colors_info=&#8220;{}&#8220; custom_padding__hover=&#8220;|||&#8220;][/et_pb_column][/et_pb_section]</p>

<p>Über uns Die FRAP Agentur gGmbH ist eine der Nachfolgeorganisationen der Werkstatt Frankfurt e.V., die 1984 im Auftrag der Stadt Frankfurt gegründet wurde. Die FRAP Agentur – gemeinnützige Gesellschaft für das Frankfurter Arbeitsmarktprogramm mbH – ist ein 2015 gegründetes stadtnahes Unternehmen und organisiert im Auftrag des Magistrats der Stadt Frankfurt am Main das Frankfurter Arbeitsmarktprogramm [&hellip;]</p>
