{"id":285,"date":"2024-07-09T11:44:53","date_gmt":"2024-07-09T11:44:53","guid":{"rendered":"https:\/\/frankfurter-arbeitsmarkt-forum.de\/?page_id=285"},"modified":"2025-09-22T17:49:36","modified_gmt":"2025-09-22T15:49:36","slug":"impressum","status":"publish","type":"page","link":"https:\/\/frankfurter-arbeitsmarkt-forum.de\/index.php\/impressum\/","title":{"rendered":"Impressum"},"content":{"rendered":"<p>[et_pb_section fb_built=&#8220;1&#8243; _builder_version=&#8220;4.25.2&#8243; _module_preset=&#8220;default&#8220; global_colors_info=&#8220;{}&#8220;][et_pb_row _builder_version=&#8220;4.25.2&#8243; _module_preset=&#8220;default&#8220; custom_padding=&#8220;30px||||false|false&#8220; global_colors_info=&#8220;{}&#8220;][et_pb_column type=&#8220;4_4&#8243; _builder_version=&#8220;4.25.2&#8243; _module_preset=&#8220;default&#8220; global_colors_info=&#8220;{}&#8220;][et_pb_text _builder_version=&#8220;4.27.4&#8243; _module_preset=&#8220;default&#8220; header_3_font=&#8220;|700||on|||||&#8220; header_3_text_color=&#8220;gcid-cfc23831-754c-440f-9259-20576be69775&#8243; header_5_text_align=&#8220;left&#8220; hover_enabled=&#8220;0&#8243; global_colors_info=&#8220;{%22gcid-cfc23831-754c-440f-9259-20576be69775%22:%91%22header_3_text_color%22%93}&#8220; sticky_enabled=&#8220;0&#8243;]<\/p>\n<h1>Impressum<\/h1>\n<h2>FRAP Agentur gGmbH<\/h2>\n<p>E-Mail: <a href=\"mailto:bz@frap-agentur.de\">info@frap-agentur.de<\/a><\/p>\n<p>Tel: 069- 68097-150<\/p>\n<h3>Inhaber der Website<\/h3>\n<p>FRAP Agentur<br \/>Gemeinn\u00fctzige Gesellschaft f\u00fcr das\u00a0Frankfurter Arbeitsmarktprogramm<br \/>Vilbeler Str. 29<\/p>\n<p>60313 Frankfurt am Main<br \/>Telefon: +49 69 68097-150<\/p>\n<p><strong>Inhaltlich Verantwortlicher gem\u00e4\u00df \u00a7 6 MDStV:<\/strong><br \/>Anita Heise<\/p>\n<p>Haftungshinweis: Trotz sorgf\u00e4ltiger inhaltlicher Kontrolle \u00fcbernehmen wir keine Haftung f\u00fcr die Inhalte externer Links. F\u00fcr den Inhalt der verlinkten Seiten sind ausschlie\u00dflich deren Betreiber verantwortlich.<\/p>\n<p><strong>Registergericht:<br \/><\/strong>Amtsgericht Frankfurt am Main<\/p>\n<p><strong>Registernummer:<br \/><\/strong>HRB 56129<\/p>\n<div class=\"et_pb_column et_pb_column_4_4 et_pb_column_1 et_pb_css_mix_blend_mode_passthrough et-last-child\">\n<div class=\"et_pb_module et_pb_text et_pb_text_1 et_pb_text_align_left et_pb_bg_layout_light\">\n<div class=\"et_pb_text_inner\">\n<h5><strong>Bildnachweise:<\/strong><\/h5>\n<p>Die auf dieser Website verwendeten Bilder stammen teilweise von Canva <a href=\"http:\/\/www.canva.com\">www.canva.com<\/a> und werden im Rahmen unseres Canva-Abonnements rechtm\u00e4\u00dfig genutzt (z. B. Header- und Blog-Bilder).<br \/>Einzelne Fotos in den Steckbriefen der Bildungseinrichtungen wurden von den jeweiligen Einrichtungen selbst zur Verf\u00fcgung gestellt; die Rechte liegen bei den Einrichtungen.<br \/>Weitere Fotos:<\/div>\n<ul>\n<li class=\"et_pb_text_inner\">Peter Hillg\u00e4rtner, Foto Elke Voitl<\/li>\n<li class=\"et_pb_text_inner\">Anna Meuer, www.annameuer.de, Foto Anita Heise.<\/li>\n<\/ul>\n<\/div>\n<\/div>\n<p>&nbsp;<\/p>\n<p>&nbsp;<\/p>\n<div class=\"et_pb_row et_pb_row_1\">\u00a0<\/div>\n<p>[\/et_pb_text][\/et_pb_column][\/et_pb_row][\/et_pb_section]<\/p>\n","protected":false},"excerpt":{"rendered":"<p>Impressum FRAP Agentur gGmbH E-Mail: info@frap-agentur.de Tel: 069- 68097-150 Inhaber der Website FRAP AgenturGemeinn\u00fctzige Gesellschaft f\u00fcr das\u00a0Frankfurter ArbeitsmarktprogrammVilbeler Str. 29 60313 Frankfurt am MainTelefon: +49 69 68097-150 Inhaltlich Verantwortlicher gem\u00e4\u00df \u00a7 6 MDStV:Anita Heise Haftungshinweis: Trotz sorgf\u00e4ltiger inhaltlicher Kontrolle \u00fcbernehmen wir keine Haftung f\u00fcr die Inhalte externer Links. F\u00fcr den Inhalt der verlinkten Seiten sind [&hellip;]<\/p>\n","protected":false},"author":6,"featured_media":0,"parent":0,"menu_order":0,"comment_status":"closed","ping_status":"closed","template":"","meta":{"_et_pb_use_builder":"on","_et_pb_old_content":"","_et_gb_content_width":"","footnotes":""},"dipi_cpt_category":[],"class_list":["post-285","page","type-page","status-publish","hentry"],"_links":{"self":[{"href":"https:\/\/frankfurter-arbeitsmarkt-forum.de\/index.php\/wp-json\/wp\/v2\/pages\/285","targetHints":{"allow":["GET"]}}],"collection":[{"href":"https:\/\/frankfurter-arbeitsmarkt-forum.de\/index.php\/wp-json\/wp\/v2\/pages"}],"about":[{"href":"https:\/\/frankfurter-arbeitsmarkt-forum.de\/index.php\/wp-json\/wp\/v2\/types\/page"}],"author":[{"embeddable":true,"href":"https:\/\/frankfurter-arbeitsmarkt-forum.de\/index.php\/wp-json\/wp\/v2\/users\/6"}],"replies":[{"embeddable":true,"href":"https:\/\/frankfurter-arbeitsmarkt-forum.de\/index.php\/wp-json\/wp\/v2\/comments?post=285"}],"version-history":[{"count":0,"href":"https:\/\/frankfurter-arbeitsmarkt-forum.de\/index.php\/wp-json\/wp\/v2\/pages\/285\/revisions"}],"wp:attachment":[{"href":"https:\/\/frankfurter-arbeitsmarkt-forum.de\/index.php\/wp-json\/wp\/v2\/media?parent=285"}],"wp:term":[{"taxonomy":"dipi_cpt_category","embeddable":true,"href":"https:\/\/frankfurter-arbeitsmarkt-forum.de\/index.php\/wp-json\/wp\/v2\/dipi_cpt_category?post=285"}],"curies":[{"name":"wp","href":"https:\/\/api.w.org\/{rel}","templated":true}]}}

<p>[et_pb_section fb_built=&#8220;1&#8243; _builder_version=&#8220;4.25.2&#8243; _module_preset=&#8220;default&#8220; global_colors_info=&#8220;{}&#8220;][et_pb_row _builder_version=&#8220;4.25.2&#8243; _module_preset=&#8220;default&#8220; custom_padding=&#8220;30px||||false|false&#8220; global_colors_info=&#8220;{}&#8220;][et_pb_column type=&#8220;4_4&#8243; _builder_version=&#8220;4.25.2&#8243; _module_preset=&#8220;default&#8220; global_colors_info=&#8220;{}&#8220;][et_pb_text _builder_version=&#8220;4.27.4&#8243; _module_preset=&#8220;default&#8220; header_3_font=&#8220;|700||on|||||&#8220; header_3_text_color=&#8220;gcid-cfc23831-754c-440f-9259-20576be69775&#8243; header_5_text_align=&#8220;left&#8220; hover_enabled=&#8220;0&#8243; global_colors_info=&#8220;{%22gcid-cfc23831-754c-440f-9259-20576be69775%22:%91%22header_3_text_color%22%93}&#8220; sticky_enabled=&#8220;0&#8243;]</p>
<h1>Impressum</h1>
<h2>FRAP Agentur gGmbH</h2>
<p>E-Mail: <a href="mailto:bz@frap-agentur.de">info@frap-agentur.de</a></p>
<p>Tel: 069- 68097-150</p>
<h3>Inhaber der Website</h3>
<p>FRAP Agentur<br />Gemeinnützige Gesellschaft für das Frankfurter Arbeitsmarktprogramm<br />Vilbeler Str. 29</p>
<p>60313 Frankfurt am Main<br />Telefon: +49 69 68097-150</p>
<p><strong>Inhaltlich Verantwortlicher gemäß § 6 MDStV:</strong><br />Anita Heise</p>
<p>Haftungshinweis: Trotz sorgfältiger inhaltlicher Kontrolle übernehmen wir keine Haftung für die Inhalte externer Links. Für den Inhalt der verlinkten Seiten sind ausschließlich deren Betreiber verantwortlich.</p>
<p><strong>Registergericht:<br /></strong>Amtsgericht Frankfurt am Main</p>
<p><strong>Registernummer:<br /></strong>HRB 56129</p>
<div class="et_pb_column et_pb_column_4_4 et_pb_column_1 et_pb_css_mix_blend_mode_passthrough et-last-child">
<div class="et_pb_module et_pb_text et_pb_text_1 et_pb_text_align_left et_pb_bg_layout_light">
<div class="et_pb_text_inner">
<h5><strong>Bildnachweise:</strong></h5>
<p>Die auf dieser Website verwendeten Bilder stammen teilweise von Canva <a href="http://www.canva.com">www.canva.com</a> und werden im Rahmen unseres Canva-Abonnements rechtmäßig genutzt (z. B. Header- und Blog-Bilder).<br />Einzelne Fotos in den Steckbriefen der Bildungseinrichtungen wurden von den jeweiligen Einrichtungen selbst zur Verfügung gestellt; die Rechte liegen bei den Einrichtungen.<br />Weitere Fotos:</div>
<ul>
<li class="et_pb_text_inner">Peter Hillgärtner, Foto Elke Voitl</li>
<li class="et_pb_text_inner">Anna Meuer, www.annameuer.de, Foto Anita Heise.</li>
</ul>
</div>
</div>
<p>&nbsp;</p>
<p>&nbsp;</p>
<div class="et_pb_row et_pb_row_1"> </div>
<p>[/et_pb_text][/et_pb_column][/et_pb_row][/et_pb_section]</p>

<p>Impressum FRAP Agentur gGmbH E-Mail: info@frap-agentur.de Tel: 069- 68097-150 Inhaber der Website FRAP AgenturGemeinnützige Gesellschaft für das Frankfurter ArbeitsmarktprogrammVilbeler Str. 29 60313 Frankfurt am MainTelefon: +49 69 68097-150 Inhaltlich Verantwortlicher gemäß § 6 MDStV:Anita Heise Haftungshinweis: Trotz sorgfältiger inhaltlicher Kontrolle übernehmen wir keine Haftung für die Inhalte externer Links. Für den Inhalt der verlinkten Seiten sind [&hellip;]</p>
